[INFO] cloning repository https://github.com/caniko/rs-embr
[INFO] running `Command { std: "git" "-c" "credential.helper=" "-c" "credential.helper=/workspace/cargo-home/bin/git-credential-null" "clone" "--bare" "https://github.com/caniko/rs-embr" "/workspace/cache/git-repos/https%3A%2F%2Fgithub.com%2Fcaniko%2Frs-embr", kill_on_drop: false }`
[INFO] [stderr] Cloning into bare repository '/workspace/cache/git-repos/https%3A%2F%2Fgithub.com%2Fcaniko%2Frs-embr'...
[INFO] running `Command { std: "git" "rev-parse" "HEAD", kill_on_drop: false }`
[INFO] [stdout] 9fbb92fd52c0c75e2f1784b0e1cd94fd9258f193
[INFO] checking caniko/rs-embr against 40527f3e444fde1deb361751bdef9b9e11d1b971+rustflags=--cfg crater_hack --force-warn invalid-c-variadic-arguments for pr-162478
[INFO] running `Command { std: "git" "clone" "/workspace/cache/git-repos/https%3A%2F%2Fgithub.com%2Fcaniko%2Frs-embr" "/workspace/builds/worker-4-tc2/source", kill_on_drop: false }`
[INFO] [stderr] Cloning into '/workspace/builds/worker-4-tc2/source'...
[INFO] [stderr] done.
[INFO] removed /workspace/builds/worker-4-tc2/source/rust-toolchain.toml
[INFO] started tweaking git repo https://github.com/caniko/rs-embr
[INFO] finished tweaking git repo https://github.com/caniko/rs-embr
[INFO] tweaked toml for git repo https://github.com/caniko/rs-embr written to /workspace/builds/worker-4-tc2/source/Cargo.toml
[INFO] validating manifest of git repo https://github.com/caniko/rs-embr on toolchain 40527f3e444fde1deb361751bdef9b9e11d1b971
[INFO] running `Command { std: CARGO_HOME="/workspace/cargo-home" RUSTUP_HOME="/workspace/rustup-home" "/workspace/cargo-home/bin/cargo" "+40527f3e444fde1deb361751bdef9b9e11d1b971" "metadata" "--manifest-path" "Cargo.toml" "--no-deps", kill_on_drop: false }`
[INFO] crate git repo https://github.com/caniko/rs-embr already has a lockfile, it will not be regenerated
[INFO] running `Command { std: CARGO_HOME="/workspace/cargo-home" RUSTUP_HOME="/workspace/rustup-home" "/workspace/cargo-home/bin/cargo" "+40527f3e444fde1deb361751bdef9b9e11d1b971" "fetch" "--manifest-path" "Cargo.toml", kill_on_drop: false }`
[INFO] [stderr]     Blocking waiting for file lock on package cache
[INFO] [stderr]     Blocking waiting for file lock on package cache
[ERROR] error running command: no output for 300 seconds
[INFO] checking caniko/rs-embr against 40527f3e444fde1deb361751bdef9b9e11d1b971+rustflags=--cfg crater_hack --force-warn invalid-c-variadic-arguments for pr-162478
[INFO] running `Command { std: "git" "clone" "/workspace/cache/git-repos/https%3A%2F%2Fgithub.com%2Fcaniko%2Frs-embr" "/workspace/builds/worker-4-tc2/source", kill_on_drop: false }`
[INFO] [stderr] Cloning into '/workspace/builds/worker-4-tc2/source'...
[INFO] [stderr] done.
[INFO] removed /workspace/builds/worker-4-tc2/source/rust-toolchain.toml
[INFO] started tweaking git repo https://github.com/caniko/rs-embr
[INFO] finished tweaking git repo https://github.com/caniko/rs-embr
[INFO] tweaked toml for git repo https://github.com/caniko/rs-embr written to /workspace/builds/worker-4-tc2/source/Cargo.toml
[INFO] validating manifest of git repo https://github.com/caniko/rs-embr on toolchain 40527f3e444fde1deb361751bdef9b9e11d1b971
[INFO] running `Command { std: CARGO_HOME="/workspace/cargo-home" RUSTUP_HOME="/workspace/rustup-home" "/workspace/cargo-home/bin/cargo" "+40527f3e444fde1deb361751bdef9b9e11d1b971" "metadata" "--manifest-path" "Cargo.toml" "--no-deps", kill_on_drop: false }`
[INFO] crate git repo https://github.com/caniko/rs-embr already has a lockfile, it will not be regenerated
[INFO] running `Command { std: CARGO_HOME="/workspace/cargo-home" RUSTUP_HOME="/workspace/rustup-home" "/workspace/cargo-home/bin/cargo" "+40527f3e444fde1deb361751bdef9b9e11d1b971" "fetch" "--manifest-path" "Cargo.toml", kill_on_drop: false }`
[INFO] [stderr]     Blocking waiting for file lock on package cache
[INFO] [stderr]     Blocking waiting for file lock on package cache
[INFO] [stderr]  Downloading crates ...
[INFO] [stderr]   Downloaded rmcp-macros v1.5.0
[INFO] [stderr]   Downloaded rand v0.9.3
[INFO] [stderr]   Downloaded rmcp v1.5.0
[INFO] running `Command { std: "docker" "create" "-v" "/var/lib/crater-agent-workspace/builds/worker-4-tc2/source:/opt/rustwide/workdir:ro,Z" "-v" "/var/lib/crater-agent-workspace/builds/worker-4-tc2/target:/opt/rustwide/target:rw,Z" "-v" "/var/lib/crater-agent-workspace/cargo-home:/opt/rustwide/cargo-home:ro,Z" "-v" "/var/lib/crater-agent-workspace/rustup-home:/opt/rustwide/rustup-home:ro,Z" "-m" "1610612736" "--network" "none" "ghcr.io/rust-lang/crates-build-env/linux@sha256:8683fc1fc2eb5c9ac98e0d076ab094b2ffac7f99da555d2b6a2e27f346de2ec7" "sleep" "infinity", kill_on_drop: false }`
[INFO] [stdout] d697c0c9d9aeb9506aa2123b71721fd77b0ace6533afa1eebf6abb6e755d710c
[INFO] running `Command { std: "docker" "start" "d697c0c9d9aeb9506aa2123b71721fd77b0ace6533afa1eebf6abb6e755d710c", kill_on_drop: false }`
[INFO] running `Command { std: "docker" "inspect" "d697c0c9d9aeb9506aa2123b71721fd77b0ace6533afa1eebf6abb6e755d710c", kill_on_drop: false }`
[INFO] running `Command { std: "docker" "exec" "-e" "SOURCE_DIR=/opt/rustwide/workdir" "-e" "CARGO_HOME=/opt/rustwide/cargo-home" "-e" "RUSTUP_HOME=/opt/rustwide/rustup-home" "-e" "CARGO_TARGET_DIR=/opt/rustwide/target" "-w" "/opt/rustwide/workdir" "--user" "0:0" "d697c0c9d9aeb9506aa2123b71721fd77b0ace6533afa1eebf6abb6e755d710c" "/opt/rustwide/cargo-home/bin/cargo" "+40527f3e444fde1deb361751bdef9b9e11d1b971" "metadata" "--no-deps" "--format-version=1", kill_on_drop: false }`
[INFO] running `Command { std: "docker" "inspect" "d697c0c9d9aeb9506aa2123b71721fd77b0ace6533afa1eebf6abb6e755d710c", kill_on_drop: false }`
[INFO] running `Command { std: "docker" "exec" "-e" "SOURCE_DIR=/opt/rustwide/workdir" "-e" "CARGO_HOME=/opt/rustwide/cargo-home" "-e" "RUSTUP_HOME=/opt/rustwide/rustup-home" "-e" "CARGO_TARGET_DIR=/opt/rustwide/target" "-e" "CARGO_INCREMENTAL=0" "-e" "RUST_BACKTRACE=full" "-e" "RUSTFLAGS=--cap-lints=forbid --cfg crater_hack --force-warn invalid-c-variadic-arguments" "-e" "RUSTDOCFLAGS=--cap-lints=forbid" "-w" "/opt/rustwide/workdir" "--user" "0:0" "d697c0c9d9aeb9506aa2123b71721fd77b0ace6533afa1eebf6abb6e755d710c" "/opt/rustwide/cargo-home/bin/cargo" "+40527f3e444fde1deb361751bdef9b9e11d1b971" "check" "--frozen" "--all" "--all-targets" "--message-format=json", kill_on_drop: false }`
[INFO] [stderr]    Compiling cc v1.2.60
[INFO] [stderr]     Checking hashbrown v0.17.0
[INFO] [stderr]     Checking mio v1.2.0
[INFO] [stderr]    Compiling typenum v1.19.0
[INFO] [stderr]    Compiling synstructure v0.13.2
[INFO] [stderr]    Compiling zerovec-derive v0.11.3
[INFO] [stderr]    Compiling tokio-macros v2.7.0
[INFO] [stderr]    Compiling displaydoc v0.2.5
[INFO] [stderr]    Compiling futures-macro v0.3.32
[INFO] [stderr]    Compiling tracing-attributes v0.1.31
[INFO] [stderr]    Compiling serde_derive v1.0.228
[INFO] [stderr]     Checking serde_json v1.0.149
[INFO] [stderr]     Checking regex-syntax v0.8.10
[INFO] [stderr]     Checking ahash v0.8.12
[INFO] [stderr]    Compiling serde_derive_internals v0.29.1
[INFO] [stderr]    Compiling ref-cast-impl v1.0.25
[INFO] [stderr]    Compiling darling_core v0.23.0
[INFO] [stderr]     Checking hashbrown v0.14.5
[INFO] [stderr]     Checking ref-cast v1.0.25
[INFO] [stderr]    Compiling thiserror-impl v2.0.18
[INFO] [stderr]     Checking indexmap v2.14.0
[INFO] [stderr]     Checking tokio v1.51.1
[INFO] [stderr]     Checking ppv-lite86 v0.2.21
[INFO] [stderr]    Compiling schemars_derive v1.2.1
[INFO] [stderr]     Checking hashlink v0.9.1
[INFO] [stderr]    Compiling async-trait v0.1.89
[INFO] [stderr]     Checking toml_datetime v1.1.1+spec-1.1.0
[INFO] [stderr]     Checking serde_spanned v1.1.1
[INFO] [stderr]     Checking futures-util v0.3.32
[INFO] [stderr]    Compiling zerofrom-derive v0.1.7
[INFO] [stderr]    Compiling yoke-derive v0.8.2
[INFO] [stderr]    Compiling memchr v2.8.0
[INFO] [stderr]     Checking tracing v0.1.44
[INFO] [stderr]     Checking toml v1.1.2+spec-1.1.0
[INFO] [stderr]     Checking uuid v1.23.0
[INFO] [stderr]     Checking rand_chacha v0.9.0
[INFO] [stderr]    Compiling rmcp v1.5.0
[INFO] [stderr]     Checking rand v0.9.3
[INFO] [stderr]     Checking regex-automata v0.4.14
[INFO] [stderr]    Compiling ring v0.17.14
[INFO] [stderr]    Compiling libsqlite3-sys v0.30.1
[INFO] [stderr]     Checking hybrid-array v0.4.10
[INFO] [stderr]    Compiling clap_derive v4.6.0
[INFO] [stderr]     Checking thiserror v2.0.18
[INFO] [stderr]    Compiling pastey v0.2.1
[INFO] [stderr]     Checking similar v2.7.0
[INFO] [stderr]     Checking zerofrom v0.1.7
[INFO] [stderr]     Checking yoke v0.8.2
[INFO] [stderr]     Checking zerovec v0.11.6
[INFO] [stderr]     Checking zerotrie v0.2.4
[INFO] [stderr]     Checking serde v1.0.228
[INFO] [stderr]    Compiling darling_macro v0.23.0
[INFO] [stderr]    Compiling darling v0.23.0
[INFO] [stderr]    Compiling rmcp-macros v1.5.0
[INFO] [stderr]     Checking serde_urlencoded v0.7.1
[INFO] [stderr]     Checking chrono v0.4.44
[INFO] [stderr]     Checking assert-json-diff v2.0.2
[INFO] [stderr]     Checking crypto-common v0.2.1
[INFO] [stderr]     Checking block-buffer v0.12.0
[INFO] [stderr]     Checking tinystr v0.8.3
[INFO] [stderr]     Checking potential_utf v0.1.5
[INFO] [stderr]     Checking icu_locale_core v2.2.0
[INFO] [stderr]     Checking futures-executor v0.3.32
[INFO] [stderr]     Checking icu_collections v2.2.0
[INFO] [stderr]     Checking futures v0.3.32
[INFO] [stderr]     Checking clap v4.6.0
[INFO] [stderr]     Checking digest v0.11.2
[INFO] [stderr]     Checking sha2 v0.11.0
[INFO] [stderr]     Checking schemars v1.2.1
[INFO] [stderr]     Checking icu_provider v2.2.0
[INFO] [stderr]    Compiling rustls v0.23.37
[INFO] [stderr]     Checking icu_properties v2.2.0
[INFO] [stderr]     Checking icu_normalizer v2.2.0
[INFO] [stderr]     Checking regex v1.12.3
[INFO] [stderr]     Checking matchers v0.2.0
[INFO] [stderr]     Checking tracing-subscriber v0.3.23
[INFO] [stderr]     Checking rustls-webpki v0.103.11
[INFO] [stderr]     Checking idna_adapter v1.2.1
[INFO] [stderr]     Checking idna v1.1.0
[INFO] [stderr]     Checking tokio-util v0.7.18
[INFO] [stderr]     Checking tower v0.5.3
[INFO] [stderr]     Checking url v2.5.8
[INFO] [stderr]     Checking tower-http v0.6.8
[INFO] [stderr]     Checking h2 v0.4.13
[INFO] [stderr]     Checking tokio-rustls v0.26.4
[INFO] [stderr]     Checking hyper v1.9.0
[INFO] [stderr]     Checking hyper-util v0.1.20
[INFO] [stderr]     Checking hyper-rustls v0.27.7
[INFO] [stderr]     Checking mockito v1.7.2
[INFO] [stderr]     Checking reqwest v0.12.28
[INFO] [stderr]     Checking rusqlite v0.32.1
[INFO] [stderr]     Checking embr-core v0.1.0 (/opt/rustwide/workdir/crates/embr-core)
[INFO] [stdout] error[E0277]: the trait bound `&Arc<(dyn Embedder + 'static)>: CoerceUnsized<&dyn Debug>` is not satisfied in `Arc<(dyn Embedder + 'static)>`
[INFO] [stdout]   --> crates/embr-core/src/search.rs:16:5
[INFO] [stdout]    |
[INFO] [stdout] 13 | #[derive(Debug, Clone)]
[INFO] [stdout]    |          ----- in this derive macro expansion
[INFO] [stdout] ...
[INFO] [stdout] 16 |     embedder: Arc<dyn Embedder>,
[INFO] [stdout]    |     ^^^^^^^^^^^^^^^^^^^^^^^^^^^ within `Arc<(dyn Embedder + 'static)>`, the trait `Debug` is not implemented for `Arc<(dyn Embedder + 'static)>`
[INFO] [stdout]    |
[INFO] [stdout] help: the trait `Debug` is conditionally implemented for `Arc<T, A>`
[INFO] [stdout]   --> /rustc/40527f3e444fde1deb361751bdef9b9e11d1b971/library/alloc/src/sync.rs:3892:17
[INFO] [stdout]    |
[INFO] [stdout]    = note: unsatisfied requirement introduced here: `_: Debug`
[INFO] [stdout] 
[INFO] [stdout] 
[INFO] [stdout] error[E0277]: the trait bound `&Arc<(dyn Embedder + 'static)>: CoerceUnsized<&dyn Debug>` is not satisfied in `Arc<(dyn Embedder + 'static)>`
[INFO] [stdout]   --> crates/embr-core/src/search.rs:16:5
[INFO] [stdout]    |
[INFO] [stdout] 13 | #[derive(Debug, Clone)]
[INFO] [stdout]    |          ----- in this derive macro expansion
[INFO] [stdout] ...
[INFO] [stdout] 16 |     embedder: Arc<dyn Embedder>,
[INFO] [stdout]    |     ^^^^^^^^^^^^^^^^^^^^^^^^^^^ within `Arc<(dyn Embedder + 'static)>`, the trait `Debug` is not implemented for `Arc<(dyn Embedder + 'static)>`
[INFO] [stdout]    |
[INFO] [stdout] help: the trait `Debug` is conditionally implemented for `Arc<T, A>`
[INFO] [stdout]   --> /rustc/40527f3e444fde1deb361751bdef9b9e11d1b971/library/alloc/src/sync.rs:3892:17
[INFO] [stdout]    |
[INFO] [stdout]    = note: unsatisfied requirement introduced here: `_: Debug`
[INFO] [stdout] 
[INFO] [stdout] 
[INFO] [stdout] For more information about this error, try `rustc --explain E0277`.
[INFO] [stdout] 
[INFO] [stderr] error: could not compile `embr-core` (lib) due to 1 previous error
[INFO] [stderr] warning: build failed, waiting for other jobs to finish...
[INFO] [stdout] For more information about this error, try `rustc --explain E0277`.
[INFO] [stdout] 
[INFO] [stderr] error: could not compile `embr-core` (lib test) due to 1 previous error
[INFO] [stderr] warning: unused dependency `walkdir`
[INFO] [stderr]   --> crates/embr-core/Cargo.toml:25:1
[INFO] [stderr]    |
[INFO] [stderr] 25 | walkdir.workspace = true
[INFO] [stderr]    | ^^^^^^^
[INFO] [stderr]    |
[INFO] [stderr]    = note: `cargo::unused_dependencies` is set to `warn` by default
[INFO] [stderr] help: consider removing the dependency on `walkdir`
[INFO] [stderr] warning: `embr-core` (manifest) generated 1 warning
[INFO] running `Command { std: "docker" "inspect" "d697c0c9d9aeb9506aa2123b71721fd77b0ace6533afa1eebf6abb6e755d710c", kill_on_drop: false }`
[INFO] running `Command { std: "docker" "rm" "-f" "d697c0c9d9aeb9506aa2123b71721fd77b0ace6533afa1eebf6abb6e755d710c", kill_on_drop: false }`
[INFO] [stdout] d697c0c9d9aeb9506aa2123b71721fd77b0ace6533afa1eebf6abb6e755d710c
